ulate the highest common factor of n and 2155.
5
Suppose 2*n = 4*n + c - 1, -2*c = -2*n + 10. Suppose 2*d - 44 = -3*z, -45 = -5*z - n*d + 35. Calculate the greatest common factor of 45 and z.
9
Suppose -5*f = -2*z + 4*z - 8, -f - 4 = -z. Suppose -z*q + 23 = -25. Calculate the greatest common divisor of q and 156.
12
Let c = 5064 + -5038. Calculate the highest common divisor of 1118 and c.
26
Suppose 1 = -z + 4. Suppose -5*y = v - 94, -6*v - 5 = -v. Let t be ((-4)/(-2))/(19/y). Calculate the highest common divisor of t and z.
1
Let c(g) = -26*g - 242. Let x be c(-55). What is the greatest common divisor of x and 60?
12
Let l(d) = 2*d**3 - 9*d**2 + 8*d - 27. Let n be l(7). Suppose -248 = t - n. What is the greatest common divisor of 2 and t?
2
Suppose -46*p + 56*p = 4350. Suppose -5*t + 570 = p. What is the greatest common divisor of 12 and t?
3
Let k = 6 - 1. Suppose -k*z + 0*z = -135. Calculate the greatest common factor of z and 3.
3
Let m be (-1 + 31)/((-2)/2). Let h = 1642 + -1605. Let d = m + h. Calculate the highest common divisor of d and 7.
7
Let n(r) = 565*r - 73. Let g be n(2). Calculate the highest common divisor of 49 and g.
7
Suppose 2*n + 48 + 94 = 0. Let l = -70 - n. Suppose -5*u + 4*f = -43, -3*f + 23 = 3*u - 4*f. What is the greatest common divisor of l and u?
1
Let b be (((-8)/(-5))/2)/(6/(-15)). Let k be ((-120)/(-70))/(b/(-7)). What is the highest common factor of 120 and k?
6
Suppose 1119*q - 394*q - 213150 = 0. Calculate the greatest common divisor of q and 924.
42
Suppose -2843 + 276 = -39*g + 3166. What is the greatest common factor of g and 672?
21
Suppose 828 = y + 17*y. Suppose -4*c + 183 = z, -135 = -6*c + 3*c - 3*z. What is the highest common divisor of y and c?
46
Let i be ((-6)/4)/((-48)/2432). Suppose -4*h = -x - 13, -x + 3*x - 18 = -3*h. What is the greatest common factor of i and h?
4
Let d be 233/3 + (-7)/(-21). Let n = 109 - d. What is the greatest common factor of n and 31?
31
Let y(s) = -3*s**3 - 12*s**2 + 7*s + 30. Let j be y(-5). What is the greatest common factor of j and 602?
14
Let n be (-1964)/10802 + 113314/33*30/4. Calculate the highest common divisor of 273 and n.
91
Suppose i - 2 + 35 = 0. Let f = i + 48. Let w(n) = -65*n + 23120. Let l be w(352). What is the highest common factor of f and l?
15
Let g = 69 - 63. Let t = -31 + 61. Calculate the highest common divisor of g and t.
6
Suppose -3*j = j - 4608. Suppose 228*t = 339*t. Suppose t*n = -8*n + j. Calculate the greatest common factor of n and 48.
48
Let z(v) = -v**2 - 68*v - 925. Let g be z(-49). What is the highest common divisor of 1158 and g?
6
Suppose 9*m = 7*m - 5*i - 39, 4*i - 36 = 4*m. Suppose 3*g = -2*g. Let v be 68 - ((-4)/m + g)*12. Calculate the highest common divisor of 8 and v.
8
Let a be 2/9 + (-14336)/(-288). Let l(x) = -16*x - 37. Let k be l(-7). Calculate the highest common divisor of k and a.
25
Suppose -330*z = -333*z + 12. Suppose z*r - 888 = -3*q, 7*r = 4*q + 3*r - 1212. Calculate the greatest common divisor of 24 and q.
12
Let q = -3212 + 3300. What is the highest common factor of 376 and q?
8
Let z(d) = -331*d + 3590. Let n be z(10). Calculate the greatest common divisor of n and 36.
4
Let z be 2 - (4 + -2 + 69). Let v = z + 99. Calculate the greatest common factor of v and 12.
6
Let g(d) = 62*d**3 + d**2 - 45*d + 45. Let a be g(1). What is the highest common factor of 448 and a?
7
Let j be 1 - 3 - (-56)/1. Let r be ((-18)/8)/((-6)/(-4))*94. Let q = r - -177. What is the greatest common factor of q and j?
18
Let f(p) = 3*p**2 + 194*p + 140. Let u be f(-64). What is the highest common divisor of 12 and u?
12
Let h(i) = -i**3 + 20*i**2 - 92*i + 4. Let j be h(13). Let n = 86 - j. Let c be 2/2 + 1*18. Calculate the highest common factor of n and c.
19
Let b be (0 + -3)*(-96)/9. Let r = b - 11. Let d be -28*(-2)/(-1176) + (-295)/(-21). Calculate the highest common factor of r and d.
7
Suppose 20*v - 50 - 30 = 0. Let q(r) = r + 10. Let c be q(-8). Suppose c*i + v*k = 68, 0*i = -2*i - k + 71. Calculate the highest common divisor of i and 324.
36
Suppose 544 = 87*h + 22. What is the greatest common divisor of 3018 and h?
6
Let a(t) = -3*t**2 - 17*t + 93. Let r be a(-7). What is the highest common factor of 1417 and r?
13
Let o be 4/6 + (11 - 22/6). Suppose 472 = o*g + 152. Calculate the greatest common factor of 200 and g.
40
Let n(j) = -j**2 + 9*j - 3. Let t be n(3). Let y be -2 - (-9 - -7) - (0 + -120). What is the highest common factor of y and t?
15
Let c = -3005 - -5420. What is the highest common factor of c and 595?
35
Let u(d) = 134*d + 1509. Let l be u(-11). What is the highest common factor of l and 21?
7
Suppose 849 = 5*b - 3*d, 17*b = 14*b - 3*d + 495. What is the highest common factor of 3304 and b?
56
Let d be ((-90)/(-135))/((-2)/(-1242)). Calculate the highest common factor of 54 and d.
18
Let i = 34 - 33. Suppose 0 = 2*t - i - 19. Suppose 0 = 7*l - t - 60. What is the greatest common factor of 2 and l?
2
Let o = -429 - -432. Suppose x + o*p - 21 = -8, -5*p = -3*x - 3. Calculate the greatest common divisor of x and 8.
4
Let r be (-161)/28 + (-1)/4. Let d(b) = -b - 1. Let z be d(r). Let w(c) = -c + 3. Let n be w(-12). What is the highest common divisor of z and n?
5
Suppose 109*r = 114*r - 5930. Suppose -136 + r = 21*h. Let o = -3 - -13. Calculate the greatest common divisor of h and o.
10
Suppose 397 - 3626 + 289 = -49*j. Calculate the greatest common divisor of j and 24660.
60
Suppose 50760 = 176*r - 56*r. What is the highest common divisor of 261 and r?
9
Let z = 52 - 144. Let s = -54 - z. Calculate the highest common divisor of 2 and s.
2
Let w = 28 - 47. Let m = -11 - w. Let y(u) = -u**3 - 121*u**2 + 8*u + 984. Let v be y(-121). What is the greatest common factor of m and v?
8
Let o be 1637 + (-24)/36 + 4/(-3). Let v be o/4 - (153/(-12))/(-17). Calculate the highest common factor of v and 24.
24
Suppose -4*n - 4 = -5*n + q, 4*n + 2*q - 34 = 0. Suppose 136 + 67 = n*i. What is the greatest common divisor of 58 and i?
29
Let k be -5 + 6 - (3 + -6). Suppose -k*i = 0, 0*l - 16 = l - 5*i. Let s be l/4*(-1)/(-4)*-7. What is the greatest common factor of s and 28?
7
Suppose -22*u - u = 181 - 16741. Calculate the highest common factor of u and 2560.
80
Let m be -20*((-1)/4 + -1). Let k = 147 - 67. Suppose -13*l + 21*l = k. Calculate the greatest common factor of m and l.
5
Let j be (-39)/((-5733)/980)*(26 + 4). Suppose 0 = 5*b - 27 + 7. Calculate the highest common factor of b and j.
4
Suppose 24 = 3*c - 0*c. Suppose 45*g = -17*g + 17*g + 360. Calculate the greatest common factor of g and c.
8
Suppose 1860*s = 1858*s + 1220. Suppose -s = -4*u + 350. Calculate the highest common divisor of 24 and u.
24
Suppose 16*a + 23 = 71. Let c(s) = 25*s - 69. Let l be c(a). What is the highest common divisor of 22 and l?
2
Suppose 5*q + 2*v = 3356, 5*v + 724 + 1271 = 3*q. Calculate the greatest common divisor of 70 and q.
10
Let z be (-1)/((2 - -1)/(-843)). Suppose -4*v - 3*u = -6*u - 563, 0 = -2*v + u + z. Calculate the greatest common factor of v and 40.
20
Suppose 22*d - 18*d = 3*s + 123, 0 = -4*d - 2*s + 138. Calculate the greatest common divisor of d and 6303.
33
Let d = 631 - 239. Let a be d/21 - 6/9. Let x be -6 + 2 + 24 + -2. What is the greatest common factor of x and a?
18
Let d be 12/(-96)*-8 + 14. Let w(r) be the third derivative of r**4/8 - 19*r**3/3 - 3*r**2. Let x be w(d). What is the highest common factor of x and 7?
7
Suppose -4*w - 11 = -7. Let b be (w + 0 + 2)*(-24)/(-2). Calculate the highest common divisor of 8 and b.
4
Let p(i) = 5938*i - 338. Let g be p(1). Calculate the greatest common divisor of g and 300.
100
Suppose 1452*f - 1501*f + 303996 = 0. What is the highest common factor of f and 22?
22
Suppose -13*a + 1459 = -4144. Let x = a + -340. Calculate the greatest common divisor of 65 and x.
13
Let n = 18808 - 18769. Let v(l) = 4*l**2 + 1. Let t be v(4). What is the highest common divisor of n and t?
13
Suppose -3*t + 103 = -g, -36*g = 3*t - 33*g - 111. What is the highest common divisor of t and 10?
5
Suppose 11 = s + 2. Suppose -3*t = 4*d + 12, -4*t = 5*d - 2*t + 8. Suppose d = -s*i + 12*i - 6. Calculate the greatest common divisor of i and 10.
2
Let c be (-30 - -6)/((-4)/6). Let r = 16539 - 16515.